base 8?
2117
2403 (base 6) to base 11
487
What is -2100120 (base 3) in base 10?
-1716
What is 3521 (base 9) in base 2?
101000110011
What is 134b (base 16) in base 12?
2a37
Convert -d843 (base 16) to base 3.
-2210221111
What is -10323202 (base 4) in base 2?
-100111011100010
What is -21541 (base 9) in base 16?
-37d5
Convert -4227 (base 8) to base 3.
-10000110
111011 (base 2) to base 15
3e
11111111 (base 3) to base 12
1a94
Convert 2112 (base 5) to base 8.
432
What is 4515 (base 7) in base 6?
11313
-200401 (base 5) to base 2
-1100011001111
-c44 (base 14) to base 4
-211230
What is -18 (base 16) in base 2?
-11000
671 (base 12) to base 9
1264
What is 14318 (base 10) in base 12?
8352
3656 (base 9) to base 15
c19
Convert -202021 (base 3) to base 15.
-267
2558 (base 11) to base 5
101310
Convert -27c (base 16) to base 5.
-10021
31223120 (base 4) to base 13
1c667
Convert 3873 (base 14) to base 11.
7491
What is 113123 (base 4) in base 2?
10111011011
Convert 301123 (base 4) to base 5.
100123
Convert -114 (base 13) to base 9.
-226
What is 100010100011 (base 2) in base 3?
10000220
Convert 12368 (base 12) to base 5.
1242304
Convert -39b (base 12) to base 16.
-227
Convert 578 (base 12) to base 3.
1010002
Convert -1107 (base 12) to base 15.
-854
102315 (base 6) to base 3
102102102
What is 1304120 (base 5) in base 13?
b813
What is -40a8 (base 14) in base 9?
-16230
Convert 10121123 (base 4) to base 12.
a50b
1453 (base 7) to base 5
4302
What is -15022 (base 7) in base 11?
-3117
Convert 2143 (base 13) to base 7.
16315
Convert d59 (base 15) to base 9.
4113
What is 646 (base 15) in base 12?
9a0
-30c1 (base 14) to base 11
-6348
Convert 11111000101100 (base 2) to base 4.
3320230
Convert 1873 (base 10) to base 14.
97b
What is 566 (base 8) in base 7?
1043
441 (base 7) to base 6
1013
202132 (base 4) to base 9
3021
-20532 (base 6) to base 4
-223220
Convert 10111101001001 (base 2) to base 16.
2f49
Convert 6e2 (base 15) to base 14.
7d8
-111000101011100 (base 2) to base 15
-88ea
-31135 (base 8) to base 11
-9761
What is -55e (base 16) in base 8?
-2536
11020 (base 4) to base 3
110011
-264 (base 7) to base 15
-99
-c3c (base 15) to base 10
-2757
-5077 (base 8) to base 3
-10121011
What is 5318 (base 10) in base 15?
1898
Convert 40341 (base 7) to base 2.
10011000110100
Convert 25254 (base 12) to base 8.
142440
Convert -238a (base 13) to base 16.
-1397
Convert -121221 (base 3) to base 5.
-3312
Convert 12600 (base 9) to base 13.
3b43
Convert 13351 (base 8) to base 7.
23046
Convert -22151 (base 7) to base 5.
-134243
Convert 1500 (base 6) to base 5.
3041
What is -11313030 (base 4) in base 10?
-24012
What is 111011110010 (base 2) in base 10?
3826
11011010 (base 2) to base 13
13a
What is 688 (base 11) in base 6?
3450
Convert 6964 (base 10) to base 3.
100112221
Convert -bb00 (base 14) to base 16.
-7e54
244134 (base 6) to base 14
7c70
Convert -1863 (base 11) to base 5.
-33433
3c3 (base 16) to base 8
1703
What is 2511 (base 7) in base 13?
573
What is -1b84 (base 12) in base 4?
-311110
What is -1228 (base 12) in base 13?
-c17
22222201 (base 3) to base 10
6553
Convert -33c (base 16) to base 10.
-828
Convert 526 (base 11) to base 3.
212110
What is a02 (base 12) in base 8?
2642
What is -30220312 (base 4) in base 10?
-51766
What is -1010110101111 (base 2) in base 3?
-21121121
Convert 2952 (base 12) to base 10.
4814
25410 (base 6) to base 16
eee
Convert 212201 (base 3) to base 8.
1200
Convert 12220012 (base 3) to base 2.
1000011001010
12033 (base 4) to base 14
207
What is -1032455 (base 6) in base 14?
-148dd
Convert 21363 (base 7) to base 14.
1d33
What is -3060 (base 8) in base 4?
-120300
What is 261 (base 10) in base 12?
199
What is -80a6 (base 11) in base 9?
-15680
Convert -12d8 (base 16) to base 6.
-34200
What is 243335 (base 6) in base 12?
1054b
463 (base 11) to base 6
2321
Convert 1045 (base 6) to base 3.
100002
What is -11938 (base 15) in base 2?
-1101101100001110
What is 235230 (base 6) in base 11?
14537
What is 14040 (base 5) in base 11?
951
What is 403 (base 9) in base 8?
507
-7277 (base 8) to base 3
-12011211
What is -224 (base 6) in base 5?
-323
21100020 (base 3) to base 7
21414
Convert -13fb (base 16) to base 15.
-17b0
What is -2334 (base 13) in base 16?
-1350
Convert 4535 (base 6) to base 7.
3053
2207 (base 11) to base 12
1827
Convert -35104 (base 6) to base 5.
-130013
Convert -1100010111000 (base 2) to base 5.
-200303
-54a4 (base 16) to base 3
-1002201112
-110001010 (base 3) to base 12
-50b6
71a (base 13) to base 14
622
Convert 1132 (base 7) to base 9.
511
What is -1a6 (base 15) in base 14?
-1d3
87 (base 9) to base 12
67
What is -11303033 (base 4) in base 16?
-5ccf
Convert 203 (base 8) to base 5.
1011
Convert -1002221 (base 3) to base 15.
-38d
Convert 4ca (base 14) to base 7.
2543
Convert -10300 (base 6) to base 15.
-639
6853 (base 15) to base 6
250240
What is a58 (base 15) in base 11?
1831
Convert 4d (base 15) to base 10.
73
5646 (base 7) to base 2
11111111011
Convert 3010 (base 6) to base 11.
545
b47 (base 13) to base 4
131332
Convert -20da (base 16) to base 3.
-102112111
What is -543243 (base 6) in base 2?
-1010111100001011
Convert -6350 (base 7) to base 9.
-3058
Convert -278 (base 16) to base 8.
-1170
What is -a8a6 (base 12) in base 8?
-44176
Convert 4170 (base 9) to base 8.
5764
-10122011 (base 3) to base 10
-2650
What is -130301 (base 4) in base 14?
-957
What is -35621 (base 8) in base 12?
-89a9
Convert 2003 (base 5) to base 4.
3331
-2262 (base 12) to base 2
-111011101010
-112101210 (base 3) to base 14
-3b7b
8106 (base 14) to base 5
1202104
-5584 (base 10) to base 6
-41504
What is -104131 (base 5) in base 13?
-1890
-4557 (base 9) to base 10
-3373
Convert 3010 (base 9) to base 8.
4224
What is 878 (base 10) in base 3?
1012112
Convert -1442 (base 6) to base 9.
-468
-10011200 (base 3) to base 8
-4411
What is 32b (base 12) in base 3?
122022
Convert 341 (base 6) to base 8.
205
147b6 (base 14) to base 16
c6ec
Convert 591 (base 14) to base 9.
1460
What is -320e (base 16) in base 3?
-122120121
-48406 (base 9) to base 3
-1122110020
Convert -146 (base 9) to base 16.
-7b
What is 312331 (base 4) in base 11?
2708
1011 (base 4) to base 14
4d
-11010010100010 (base 2) to base 10
-13474
-100306 (base 7) to base 2
-100001001000000
Convert -1033101 (base 4) to base 3.
-20221220
57c (base 13) to base 5
12243
Convert -323100 (base 4) to base 7.
-14025
-64a (base 14) to base 5
-14432
Convert 1686 (base 10) to base 13.
9c9
-11c (base 14) to base 11
-192
What is -504 (base 7) in base 2?
-11111001
What is -32 (base 4) in base 8?
-16
1a9 (base 14) to base 2
101011001
What is -1010111010 (base 2) in base 9?
-855
Convert -dc9 (base 16) to base 12.
-2061
Convert 3bc0 (base 13) to base 16.
219e
Convert -71b (base 16) to base 15.
-814
What is -2055 (base 9) in base 15?
-6a8
Convert 1b9 (base 13) to base 12.
229
What is -21c (base 13) in base 16?
-16b
-2515 (base 13) to base 4
-1102021
What is 102112212 (base 3) in base 5?
232140
Convert 412 (base 7) to base 12.
151
What is bd0d (base 14) in base 12?
16b49
723 (base 8) to base 13
29c
What is 57407 (base 8) in base 13?
b0c4
Convert -743 (base 8) to base 9.
-586
Convert -1856 (base 14) to base 16.
-1124
What is bb (base 14) in base 13?
c9
-1653 (base 15) to base 4
-1023003
1253 (base 7) to base 9
582
What is 7315 (base 8) in base 14?
1549
What is 312 (base 10) in base 9?
376
-32130 (base 5) to base 15
-995
What is -1fe9 (base 16) in base 2?
-1111111101001
Convert 87 (base 15) to base 14.
91
What is 1454 (base 13) in base 10?
2942
What is -11141 (base 5) in base 10?
-796
What is 21004 (base 8) in base 11?
65a7
2183 (base 10) to base 6
14035
What is -5c6 (base 13) in base 11?
-836
-c57 (base 15) to base 8
-5336
What is 1112 (base 3) in base 9?
45
Convert 5b3 (base 12) to base 3.
1011200
-390 (base 13) to base 10
-624
1012 (base 6) to base 10
224
What is 233 (base 4) in base 12?
3b
Convert 1010022 (base 3) to base 15.
398
10110011111 (base 2) to base 5
21224
What is -24e (base 16) in base 12?
-412
What is -1136 (base 10) in base 4?
-101300
What is -246 (base 14) in base 9?
-554
-234105 (base 6) to base 10
-20345
4003 (base 7) to base 16
55f
4011 (base 9) to base 3
11000101
What is -4135 (base 6) in base 3?
-1021012
Convert -2450 (base 7) to base 10.
-917
Conve